the prime factors of m.
2, 3
Suppose -9*j + 38 = -7*j. Let p = -25 + j. Let g = 32 + p. List the prime factors of g.
2, 13
Let c(b) = -b**3 - 3*b**2 - b + 7. Let n be c(-3). List the prime factors of 82 - (4/(-6) + n/(-3)).
2, 43
Let o = 267 - -74. What are the prime factors of o?
11, 31
Let k(a) = -3*a**2 + 17*a - 5. Let t(x) = 2*x**2 - 9*x + 3. Let g(m) = 3*k(m) + 5*t(m). Suppose -4*d + 3*d = 8. List the prime factors of g(d).
2
Suppose -5*u = 5*x - 120, 4*u - 4*x + 18 = 146. Suppose 0 = 2*g - 15 - 11. Let h = u - g. What are the prime factors of h?
3, 5
Suppose 0 = 2*h + 2*m - 1114, -2*h + 1108 = 4*m + m. What are the prime factors of h?
13, 43
Let l(p) = -349*p**3 + p**2 + 3*p + 1. Let m be l(-1). Suppose -4*t + 3*u = 2 - m, 2*t + 4*u - 184 = 0. List the prime factors of t.
2, 11
Let d(n) = -60*n**2 - 1. Let v(l) = -7*l**2 - 2*l**2 + 8*l**2 - 1. Let i(q) = -d(q) + 2*v(q). What are the prime factors of i(-1)?
3, 19
Let j = 60 - 57. Suppose 4*c + j*y - 635 = 0, 5*c - 346 - 434 = -y. What are the prime factors of c?
5, 31
Let m(x) = x - 5. Let j be m(12). Suppose -3*v + 2*v + 3*l = -19, 2*v = -3*l - j. Suppose -q = -v*q + 51. List the prime factors of q.
17
Suppose -2 = -g - 0*g. Suppose -12 = -g*i - 3*d + 49, 0 = -i + d + 33. Suppose -i*y = -30*y - 80. What are the prime factors of y?
2, 5
Let z(k) = -k + 16. Let c be z(16). Suppose 2*r - 5*g - 20 = c, -4*r - g = -1 - 17. List the prime factors of r.
5
Suppose -5*v - 104 = -4*y, -2*y = 3*v - 7*v - 88. Let n = v - -67. What are the prime factors of n?
43
Suppose -108 = -3*u + 4*u + 3*c, 0 = -c - 1. List the prime factors of 4/5 - 4593*7/u.
307
Let k(w) be the third derivative of 1/8*w**4 + 6*w**2 + 1/10*w**5 + 0*w**3 + 0 + 0*w. What are the prime factors of k(3)?
3, 7
Let f = -724 - -1421. List the prime factors of f.
17, 41
Suppose x - 5 = 2*x, -x = o - 1. Let n(c) = -c + 18. Let b be n(12). Suppose -t + o + b = 0. What are the prime factors of t?
2, 3
Suppose -4*q + 706 = q - 3*i, 0 = -3*q + 2*i + 424. Suppose 9*n - q - 94 = 0. List the prime factors of n.
2, 13
Suppose 48*w - 37*w = 18260. What are the prime factors of w?
2, 5, 83
Let v be -4 - 5/(-15)*-3. Let d(p) = -44*p + 10. Let u be d(v). Suppose 0 = 4*k - n - u, -2*k + 100 = -5*n - 6. List the prime factors of k.
2, 29
Let m be (-32)/28 + (-1)/(-7). Let a be (2 - 1)/((-6)/(-204)). Let d = a + m. What are the prime factors of d?
3, 11
Let u(c) = -c**2 - 7*c + 12. Let k be u(-8). Suppose t = -k*t - 25, 2*a + t - 105 = 0. What are the prime factors of a?
5, 11
Let j(r) = r**3 + r. Let k(c) = 17*c**3 + 1. Let t(a) = -2*j(a) + k(a). List the prime factors of t(1).
2, 7
What are the prime factors of (-29 - -22) + (-1 - -2983)?
5, 7, 17
Let f be 2/(3/93 - 0). Suppose 6 + 222 = -6*n. Let b = n + f. What are the prime factors of b?
2, 3
Let u(m) = m**3 + 33*m**2 + 18*m + 72. What are the prime factors of u(-32)?
2, 5, 13
Let h(w) = 3*w + 3. Let q be h(1). Suppose q*z - 366 - 714 = 0. What are the prime factors of z?
2, 3, 5
Let a = -571 + 1065. List the prime factors of a.
2, 13, 19
Suppose 5*s - 2*v = 3089, -3*s + 3093 = 2*s - 4*v. Let c = s - 433. What are the prime factors of c?
2, 23
Let b(c) = -c**3 + 17*c**2 + 44*c + 10. List the prime factors of b(18).
2, 239
Let n(m) = -81*m + 98. List the prime factors of n(-18).
2, 389
Let p = 62 + -60. Suppose -p*d + 36 + 332 = 0. List the prime factors of d.
2, 23
Let h(c) = c**2 + 3*c - 9. Let f = -33 - -37. Suppose f*m = -2*b - 0*b + 14, -2*b + 14 = 5*m. List the prime factors of h(b).
61
Suppose 0 = -10*d - 16 + 6. List the prime factors of (8/(-6))/(d/177).
2, 59
Suppose 3*a - 6*w = -2*w + 3, 5*a = -5*w + 40. Suppose -7*v + a*v = -136. What are the prime factors of v?
2, 17
Let c be (115/15 - 1)*36. Let p = -135 + c. List the prime factors of p.
3, 5, 7
Let j(b) = b**3 - 4*b**2 + 2*b - 1. Let d be j(4). Suppose -6*l = -d*l + 4. Suppose -20 = -c + 4*p + 3, -105 = -l*c + 3*p. What are the prime factors of c?
3
Let x(c) = c**3 + 10*c**2 + 3*c + 1. Let j(a) = a**2 - 11*a - 15. Let y be j(12). List the prime factors of x(y).
5, 11
Let u be 19630/25 - (0 - (-1)/5). Suppose 4*a = 111 + u. List the prime factors of a.
2, 7
Let s(f) = -f + 25. Let c be s(14). Suppose 0 = n - 21 - c. List the prime factors of n.
2
Let t = 13709 - 9725. List the prime factors of t.
2, 3, 83
Let k(v) = -2*v + 3. Let a(m) = m**2 - m + 7. Let w be a(0). Suppose -w*q + q - 30 = 0. What are the prime factors of k(q)?
13
Let l(o) = 235*o**2 - 13*o + 26. List the prime factors of l(2).
2, 5, 47
Let g(p) be the first derivative of 2 - p**2 + 1/3*p**3 + 8*p. What are the prime factors of g(4)?
2
Suppose -5*h - 6*v + 7*v = -3172, 0 = -4*h - 5*v + 2555. What are the prime factors of h?
5, 127
Let y(f) = f**3 + 6*f**2 - 2*f - 4. Let h be y(-6). Suppose -28 = -x - h. Let w = 0 + x. What are the prime factors of w?
2, 5
Let b(d) = -d**3 + 7*d**2 + 10*d - 9. Let l be -1 + 7 - (-5 - -4). List the prime factors of b(l).
61
Suppose -5*f + 12 = -2*w, -3*w = f - 3*f + 7. Let b(q) = 32*q**2 - 4*q + 1. List the prime factors of b(f).
11
Let i = 329 + -216. What are the prime factors of i?
113
Let k be ((-4)/12)/((-3)/18). Suppose 0 = -3*x + k*x + 160. Suppose 0 = -4*r + 12 + x. List the prime factors of r.
43
What are the prime factors of 96/(-624) - (1 + 39045/(-39))?
2, 5
Let u be 8/4 + (-1 - -1). Suppose -243 = -4*g + 3*d, u*g - 151 = -g - 4*d. List the prime factors of g.
3, 19
Let w be (-3)/(-2)*72/3. Let c(j) = 8*j**2 - 53*j + 158. Let q be c(3). Let f = q - w. What are the prime factors of f?
5, 7
Suppose -3*p = -2*p - 1. Let m(r) = -p + 47*r - 2 - 51*r. What are the prime factors of m(-5)?
17
Suppose 0 = 34*u - 25*u - 3042. What are the prime factors of u?
2, 13
Suppose 0 = 39*w - 36*w - 609. List the prime factors of w.
7, 29
Suppose -3 = -3*n, u - 5*n + 3 = -2*n. Suppose u*k + 495 = 3*k. List the prime factors of k.
3, 5, 11
Let o(j) = 5*j + 163. Let w be (-2 + 2)/(3/(-1)). List the prime factors of o(w).
163
Let p(a) = -2*a**3 + 3*a + 9. Let j be p(-4). Let g(h) = h + 8. Let n be g(-6). Suppose -2*t = 3*s - 75, -7*s + t = -n*s - j. List the prime factors of s.
5
Suppose 3*m - 3*n - 550 - 347 = 0, m - 298 = 2*n. What are the prime factors of m/(-8)*(-32)/10?
2, 3, 5
Suppose -3*u - 443 = -5723. What are the prime factors of u?
2, 5, 11
Let r(z) = -z - 3. Let d(l) = 1. Let m(u) = -1. Let c(j) = -5*d(j) - 2*m(j). Let p(v) = -3*c(v) + 4*r(v). List the prime factors of p(-10).
37
Let w(y) = -y**3 - 14*y**2 - 10*y + 10. Let i be (1 - -3) + 54/(-3). What are the prime factors of w(i)?
2, 3, 5
Let v(y) = y**2 + 6*y + 2. Let l be v(-7). Let r be 8/(-3)*-1*l. Suppose 3*s - 5*j + 0*j = r, -3*s = 2*j - 45. List the prime factors of s.
13
Let s be (-60)/(-7) - 44/77. Suppose 4 = -2*l + s, 5*l - 199 = -3*i. What are the prime factors of i?
3, 7
Suppose 2*r = -4*r + 1680. Suppose -r = -3*u - 5*u. List the prime factors of u.
5, 7
Suppose -31 - 38 = 3*k. Let r = 144 + k. List the prime factors of r.
11
Suppose 2*p - 1105 = 285. Suppose -40*s = -35*s - p. List the prime factors of s.
139
Suppose -451 = 6*t + 125. Let w = 29 - t. List the prime factors of w.
5
Let h = 20 - 24. Let m(c) = -7*c - 6. Let n be m(h). Let a = n - 18. What are the prime factors of a?
2
Suppose 4*q + 4 = 5*q. Let m = 26 - 29. What are the prime factors of q*(2 - m/(-6))?
2, 3
Let v = 2 - 0. Suppose -4*r + v*r = -6. Suppose -3*y = -r*n - 93, -5*y + n + 235 = 92. List the prime factors of y.
2, 7
List the prime factors of (-25280)/(-25)*135/54.
2, 79
Let s be 15/4*20/3. Suppose 2*c + 3*c = s. Suppose -c*h + 15 = 4*d - 46, 0 = -h - 4*d + 25. List the prime factors of h.
3
List the prime factors of 15*(21 + 5 + 0).
2, 3, 5, 13
Let s = -124 + 205. Let d = s - 44. Suppose -h - 2*w + w + d = 0, 39 = h + 3*w. What are the prime factors of h?
2, 3
What are the prime factors of 6/45 - 5743/15*-1?
383
Suppose 0 = w + 5*j + 6, -2*w - 3 = -5*j - 21. Suppose 2*y - 336 = -w*y. What are the prime factors of y?
2, 7
Let c(p) = -3186*p**3 + 2*p**2 + p. What are the prime factors of c(-1)?
3187
Suppose 2*l + h + 3 = -2*h, 3*h + 3 = 0. List the prime factors of 12/3 - (l + -35).
3, 13
Let y be 8*(-222)/(-12) - -5. Suppose -3*a + 384 = y. What are the prime factors of a?
7, 11
List the prim